 0. What is x(p)?
64
Let r(k) = 35*k**3 + k**2 + k - 1. Let f(p) = 141*p + 565. Let l be f(-4). Calculate r(l).
36
Let t(l) be the third derivative of 5/3*l**3 - 71*l**2 - 1/120*l**6 + 0 + 0*l + 0*l**4 - 1/5*l**5. Determine t(-12).
10
Let r(w) = -w**3 + 8*w**2 - 3*w + 8. Suppose -70 = -5*c - 5*i - 0*i, -10 = -2*c + i. Determine r(c).
-16
Let g(n) be the first derivative of n**3/3 + 4*n**2 - 11*n + 1340. Let m(s) = 11*s**3 + 2*s**2 + s. Let x be m(-1). What is g(x)?
9
Let v(p) = p + 5. Let o(r) = -11*r - 87. Let q(m) = -o(m) - 10*v(m). Calculate q(-10).
27
Let t(m) = m**2 + 6*m + 3. Let x be (576/(-40))/((-12)/990). Suppose 0 = i - x + 1193. Give t(i).
-2
Suppose -4*n + 7 = -17. Let x be (-4)/(-3)*93/62. Let w(f) = 0*f**2 + 68 - 70 - f**x - 6*f + 2*f**2. Give w(n).
-2
Let j(w) be the first derivative of 9*w**4/4 + 8*w**3 + 18*w**2 + w - 23. Let c(k) = -4*k**3 - 12*k**2 - 17*k - 1. Let s(r) = 7*c(r) + 3*j(r). What is s(-11)?
-4
Let f = -2508 - -2508. Let p(u) = -u**3 - 2*u + 1. Determine p(f).
1
Let r(c) = 6 - 11*c - 12*c**2 + 5 - 5 - 2. Let v(q) = 7*q**2 + 5*q - 2. Let f(y) = -3*r(y) - 5*v(y). What is f(-8)?
-2
Let p = 428 - 388. Suppose -22*d + p = 18*d. Let b(r) = 15*r - 1. Calculate b(d).
14
Let h(z) be the first derivative of -21*z**2/2 + 2*z - 820. What is h(3)?
-61
Suppose -4*t + 27 = 5*g, -5*t + g + 30 = 6*g. Let u(d) = 6*d**2 - 32*d**2 - 4 + d**3 + 7*d**2 + 15*d**2 - t*d**3. Calculate u(-3).
14
Let w(d) = -276*d**2 - 2*d - 282*d**2 + 0*d**3 + 563*d**2 - d**3 + 4*d. What is w(2)?
16
Let t(u) be the first derivative of -u**2/2 + 13*u + 9. Let s(p) = -3*p + 37. Let w(z) = -4*s(z) + 11*t(z). Give w(0).
-5
Let f(r) be the first derivative of -r**4/4 - r**3 + r**2/2 - 6*r - 139. Calculate f(-4).
6
Let m(d) = 5*d - 6 - 6*d - 4*d**2 + 5*d**2 - 1. Let y(a) = -a**2 + 13. Let k(n) = 5*m(n) + 3*y(n). Give k(3).
7
Let u(s) = 32 - 165*s - 164*s + 328*s - 7. Calculate u(32).
-7
Let q = -202 + 203. Let p be 20/7*q/((-10)/35). Let h(o) = -o - 22. Calculate h(p).
-12
Suppose 2*c - 5 = 1. Let m(r) = -12*r. Let n(k) = k. Suppose 0 = 4*u - 5*i + 11, 4*i = -2*u + 2*i + 8. Let z(h) = u*m(h) + 10*n(h). Determine z(c).
-6
Let c be 2 + ((-90)/(-40))/((-3)/(-20)). Suppose 8*s - c*s = -27. Let l(r) = -5*r**2 - r. Let u(y) = 6*y**2 + y. Let b(w) = 7*l(w) + 6*u(w). Give b(s).
6
Let o(y) = -2*y - 12. Suppose -4 = -3*r - 22. Let u(h) = -4*h**3 - 27*h**3 - 5*h + 26*h**2 - 21*h**2 - 3 + 32*h**3. Let w be u(r). Determine o(w).
6
Let g(f) be the third derivative of -f**7/2520 + 7*f**6/720 + f**5/40 + 19*f**4/12 + 5*f**2. Let l(u) be the second derivative of g(u). Give l(7).
3
Let r(l) = -108*l**2 + 3*l + 2. Let y(q) = -2*q**2 + 81*q + 40. Let v be y(41). Calculate r(v).
-109
Let j(g) = -8*g**2 + 4*g - 17. Let h(f) be the third derivative of -23*f**5/60 + 11*f**4/24 - 8*f**3 + 264*f**2. Let q(v) = 6*h(v) - 17*j(v). Give q(-2).
-3
Let g(w) = 7*w + 2. Let b(a) = a - 25. Let d be b(-1). Let j be 24 + d + (-2)/1. Calculate g(j).
-26
Suppose -4*m - g - 7 = 0, -4*g + 15 - 22 = -5*m. Let w(h) = 4. Let n(o) = -2*o + 18. Let a(i) = m*n(i) + 3*w(i). Give a(0).
-6
Suppose 25*j + 1627 = 257*j - 461. Let p(m) = -m**2 - m + 1. Let k(f) = 6*f**2 - 15*f - 4. Let c(y) = k(y) + 4*p(y). What is c(j)?
-9
Let t(k) be the third derivative of 13/24*k**4 + 1/60*k**5 + 0*k + 0 + 11/6*k**3 - 165*k**2. Determine t(-11).
-11
Let h(f) be the third derivative of f**5/12 + 5*f**4/4 - 8*f**3/3 - 2*f**2 - 9. Let l(w) = -w**2 - 7*w + 4. Let r(j) = -2*h(j) - 9*l(j). Give r(4).
-8
Let c(x) = x**2 - 15*x + 3. Suppose 0 = 2*q - 12, -59*f = -62*f + 5*q + 18. Calculate c(f).
19
Let y(h) be the third derivative of -3*h**4/8 + 5*h**3/6 + 5*h**2. Let t(i) = -19*i + 10. Let w be (-3)/9*(40 - 1)/1. Let z(u) = w*y(u) + 6*t(u). What is z(-6)?
-23
Suppose -2*v + 5*r = -7*v + 40, 4*r = 20. Let w be 2*(28/(-8) - -5). Let j(l) = 0*l**3 - 1 + 54*l - 5*l**2 + l**3 + 0*l**w - 50*l. What is j(v)?
-7
Let q(r) = -2 + 3 + 2 - 4*r. Suppose 10*h - 200 = -12*h - 16*h - 12*h. Give q(h).
-13
Let l(y) = 2*y**2 - 7*y + 5. Let f = -88 - -93. Suppose 45 = 5*p + f*z, p - 2*z + 30 = 6*p. What is l(p)?
9
Let q = -85 + 64. Let j = 22 + q. Let d be (4/5)/(4/(-20*j)). Let c(t) = -t**3 - 4*t**2 - 4*t + 4. What is c(d)?
20
Let g(q) = 277 + 270 - 542 - q**3 + 0*q**2 + 2*q**2 + 4*q**2 - q**2. Let k(c) = c**3 - c + 5. Let j be k(0). Calculate g(j).
5
Let d(n) = n**2 + 76*n + 358. Let g(k) = -9*k**2 + 34*k + 50. Let b be g(5). Give d(b).
3
Let a(j) = 105*j - 2. Let f(o) = 68*o - 3. Let g(n) = -2*a(n) + 3*f(n). Determine g(-2).
7
Let a(t) = 4*t**3 - t**2 - t. Let p(o) = -22*o**3 - 3*o**2 - 5*o. Let q(j) = 4*a(j) - p(j). Give q(1).
38
Let g(w) = -7*w**2 + 26*w + 4. Let q(m) = 3*m**2 - 12*m - 1. Let p(j) = -4*g(j) - 9*q(j). Let c be 10/(-40) + (-19)/4. Give p(c).
-2
Let u(r) = 3*r - 13. Let y(f) = 2*f**2 - 2*f + 2. Let p be y(0). Let c(x) = -10*x + 41. Suppose 28 = -16*n + 20*n. Let h(a) = n*u(a) + p*c(a). What is h(11)?
2
Let w be 17685/21 - 14/98. Let j = -836 + w. Let x(p) = -3*p + 17. Give x(j).
-1
Let j(h) = 33 + h**2 + 50 + 34 + 8*h - 136 + 42. What is j(-7)?
16
Let b be ((-7)/(-14))/(2*3/(-276)). Let h(n) = n**3 + 23*n**2 - 4*n - 75. What is h(b)?
17
Let o(n) be the first derivative of -21*n**2/2 - 59*n - 7529. Calculate o(-3).
4
Let k(o) be the first derivative of 5*o**3/3 + 17*o**2/2 - 1074. Determine k(-4).
12
Let h be (19 + (-403)/26)*2. Let g(q) = q**2 - 12*q + 17. Give g(h).
-18
Let w(q) = -3*q**3 - 6*q**2 - 13*q + 1. Let i(a) = a**3 + 3*a**2 + 6*a. Let f(n) = -5*i(n) - 2*w(n). Suppose 2*l = 7*l + 225. Let t = l - -49. Calculate f(t).
-2
Let t(y) be the third derivative of -y**5/30 - y**4 + 19*y**3/3 - 7438*y**2. Give t(-13).
12
Let d = 445 + -443. Let h = 9 + -7. Let a(k) = -9 - 2*k - k + 11 + k**2 - h*k. Give a(d).
-4
Let y(i) = -i**3 - 5*i**2 - 14*i - 63. Let r be 7*1 + 12/(-84) + (-83)/7. Give y(r).
7
Let q(t) = -t + 1. Let g(w) = -2*w + 3. Let i(x) = g(x) - q(x). Let h(p) = 60*p - 110. Let a(u) = 2*h(u) + 110*i(u). Let s = 1 + -2. Calculate a(s).
-10
Let d(m) = 3*m**2 + 6*m + 13. Let g(o) = o**2 + 2*o + 2. Let a(f) = d(f) - 4*g(f). Let j(v) = 2*v**2 + 3*v - 9. Let s(h) = -5*a(h) - 3*j(h). Calculate s(-3).
-10
Let a(y) = 2*y**3 + 3*y**2 - 3*y + 47. Let s(k) = 6*k**3 + 9*k**2 - 9*k + 132. Let m(t) = 14*a(t) - 5*s(t). What is m(-3)?
16
Suppose -645 = -4*p - 141. Suppose -8*a = -15*a + p. Suppose v + 22 = a. Let s(g) = g**2 + 7*g + 5. Give s(v).
-7
Let p(k) = -k**3 + 6*k**2 + k + 2. Suppose 88*a + 48 = 84*a. Let c be (12/(-8))/(a/32). Let r be (16 - 4)/c - -3. Calculate p(r).
8
Let z(l) be the first derivative of 5*l**2/2 - 20*l - 7125. Calculate z(-5).
-45
Let m = 6103 - 6100. Let v(j) = j**3 - 2*j**2 + 5*j - 10. Determine v(m).
14
Let w(r) = -7*r**3 - 4*r**2 + 10*r + 30. Let x(z) = 5*z**3 + 5*z**2 - 8*z - 25. Let t(y) = -3*w(y) - 4*x(y). Determine t(8).
26
Let i(s) = s + 102. Let y(k) = 15. Let w(u) = -i(u) + 8*y(u). Determine w(13).
5
Let k(p) = 9*p - 113. Let f(g) = -18*g + 226. Let q(w) = -2*f(w) - 5*k(w). Determine q(13).
-4
Let d(f) = -2*f**2 - 18*f - 8. Suppose 99*p - 20 = 5*n + 94*p, 0 = n + 2*p + 19. Give d(n).
-8
Let u(n) = n**3 + 9*n**2 + 9*n + 10. Let a be u(-8). Suppose -26 = a*s - 74. Suppose 3*d + 3*d - s = 0. Let t(c) = c**2 - c - 4. Determine t(d).
8
Let i = -24846 + 24832. Let r(a) = -a**2 - 14*a - 35. Determine r(i).
-35
Suppose 0 = 3*m + 68*w - 65*w + 57, -5*m + 4*w - 122 = 0. Let u(v) = -3*v - 11. Calculate u(m).
55
Let c(m) be the second derivative of m**5/20 - m**4/2 - 7*m**3/6 - m**2/2 + 10*m. Let n be ((-2)/4)/((-9)/720). Let i = -33 + n. Determine c(i).
-1
Let p(n) = 12*n**3 + 2*n**2 - n. Let v(t) = -t**3 + 9*t**2 + 2*t - 10. Let c be v(7). Suppose a - c = 3*a. Let f = a + 52. Calculate p(f).
13
Let g(t) = -14*t**2 + 2*t + 2. Let y(c) = c**3 - 10*c**2 + 64*c - 98. Let l be y(2). Determine g(l).
-58
Let d(f) = -5*f**3 - 3*f**2 - 3*f + 2. Let l(z) = z**3 - z**2 - 2. Let q(v) = -d(v) - l(v). Give q(-1).
-3
Let c(o) = -o**3 + 5*o**2 - o - 5. Let n be c(5). Let p(z) = 5*z + 21. Let u(f) = -22*f - 88. Let j(i) = -9*p(i) - 2*u(i). Determine j(n).
-3
Let k(a) = 5 - 2369*a - 2367*a + a**3 - a**2 + 4731*a. Calculate k(-3).
-16
Let n = 5409 - 5398. Let x(a) = a**3 - 10*a**2 - 14*a + 18. Calculate x(n).
-15
Let m(u) = -